te the highest common divisor of y and 8.
8
Let t be (-1)/(352/116 + -3). Let s be -1 - t/1 - -1. What is the greatest common divisor of s and 261?
29
Let n = -12 - -44. Suppose -2*x - 192 = -2*r - 2*r, 4*x = 0. What is the highest common factor of r and n?
16
Let m be (3/6)/(2/52). What is the highest common divisor of m and 104?
13
Let q(p) = p**3 + 5*p**2 + 2*p. Let n be q(-3). Let m be -1 - (-2 - -3) - 58. Let a = 84 + m. Calculate the greatest common factor of n and a.
12
Let l = 7 + -23. Let i = -6 - l. Suppose 2*m - 24 = i. Calculate the greatest common divisor of 153 and m.
17
Let m(h) = -4*h - 73. Let c be m(-24). What is the greatest common factor of c and 69?
23
Let b = 107 - 75. Let t(y) = -2*y - 10. Let r be t(-9). What is the highest common factor of r and b?
8
Let v be 103 + (4 + -6)*2. Calculate the highest common factor of 11 and v.
11
Suppose -86 = -4*n - 2. Calculate the greatest common divisor of n and 147.
21
Let w be 14/35*(3 + 2). Let h(a) = 2*a**3 + a**2 + a - 2. Let x be h(w). What is the highest common divisor of x and 5?
5
Let c be (-592)/(-6) - 1/(-3). Let l be (2/3)/(1/c). Suppose 4*x = 330 + l. What is the highest common factor of 9 and x?
9
Let y = 169 - -20. Calculate the greatest common divisor of 21 and y.
21
Suppose 92 = 2*j + 32. What is the greatest common factor of j and 45?
15
Let b(z) = 5*z - 16. Let s be b(6). What is the highest common divisor of 70 and s?
14
Let z = -11 + 20. Suppose 9 + z = x. Let d = -7 + x. What is the highest common divisor of 44 and d?
11
Let t be (1 + -1)/1 + 144. Suppose 2*m + 6*y = 5*y + 38, 3*m - 50 = 2*y. Calculate the highest common factor of t and m.
18
Let i(d) = d**3 + 6*d**2 - 6*d + 5. Let z be i(-5). Calculate the greatest common divisor of z and 40.
20
Suppose -2*z = -5*z + 3. Let n be ((-1332)/16)/(-9) - 1/4. Calculate the greatest common divisor of n and z.
1
Let d be (-114)/(-10) + 16/(-40). What is the greatest common divisor of 44 and d?
11
Let k(h) = h - 1. Let n be k(3). Suppose -6 = n*t - 3*t. Calculate the greatest common divisor of 18 and t.
6
Suppose 4*o - 5*p - 502 = -7*p, 5*o + 3*p - 628 = 0. What is the highest common factor of o and 25?
25
Let w(q) = q**3 + 7*q**2 - 2*q + 2. Let m be w(-7). Calculate the highest common factor of 4 and m.
4
Let j be ((-9)/(36/(-224)))/2. Calculate the highest common divisor of j and 4.
4
Suppose 5*x - 74 = 2*k, 0 = -3*x + 7*x - 4*k - 64. Let j be (-4)/14 + 130/x. Calculate the greatest common divisor of j and 63.
9
Suppose 3*d - 5*d + 240 = 0. What is the highest common divisor of 15 and d?
15
Suppose 3*d - 475 = -2*j + 8*d, -d = -4*j + 923. Calculate the greatest common divisor of j and 23.
23
Let l be (-56)/16*(-2 - 0). Let f(k) = -k + 1. Let o be f(-1). Let r be 2 - (o + 1/(-1)). What is the greatest common factor of r and l?
1
Let o(h) be the first derivative of -15*h**3 + h**2 - h - 1. Let y be o(1). Let u = y - -62. Calculate the highest common divisor of 54 and u.
18
Let x be -2 + (27 - 0) - 3. Let z(m) = -m - 1. Let u be z(-3). Calculate the highest common factor of x and u.
2
Let i be 165/10*4/3. What is the highest common divisor of i and 242?
22
Suppose 0 = 4*w + 5*h + 555 + 399, 729 = -3*w + 3*h. Let b = -171 - w. What is the highest common factor of b and 14?
14
Let l(p) = p**2 - 6*p + 14. Let w be l(8). Calculate the highest common divisor of w and 45.
15
Suppose 0*g = -5*g + 65. Let h be (-3)/2*1*-8. Suppose -5*u = n + h - 0, 0 = 2*n + u - 21. Calculate the highest common divisor of g and n.
13
Let q(t) = -3*t**2 + 8*t + 5. Let i(m) = -16*m**2 + 41*m + 26. Let u(x) = 2*i(x) - 11*q(x). Let s be u(12). Calculate the highest common divisor of s and 46.
23
Let r(t) = t**3 + 14*t**2 - 6*t + 4. Let y be r(-14). What is the greatest common divisor of y and 22?
22
Let k = -18 - -10. Let i(t) = -t + 3. Let c be i(k). Calculate the greatest common divisor of 77 and c.
11
Let l be (0 + 17)/(-1)*-1. Suppose 5*j + 68 = 9*j. What is the greatest common factor of l and j?
17
Let w be 10 + -4 + 1 + -2. Suppose 4*b - 22 = 2*x, -w*b + x + 35 = -3*x. Calculate the greatest common divisor of b and 9.
3
Let w(c) = -c**2 + 9*c - 3. Let v be (2 + 1)/3*8. Let r be w(v). Suppose 2*x + 7*l + 4 = 2*l, 2*l = -r*x + 11. What is the greatest common factor of 24 and x?
3
Let d(g) = 3*g - 3. Let p be (-265)/(-55) + 4/22. Let z be d(p). What is the highest common divisor of z and 30?
6
Let l(t) be the third derivative of -2*t**4/3 - 3*t**3/2 + 3*t**2. Let y be l(-4). What is the greatest common divisor of y and 5?
5
Suppose 3*f + 3 - 30 = 0. Let d = -40 - -112. Calculate the greatest common divisor of f and d.
9
Let r = 11 - 8. Suppose r*b - x = -4 + 32, b + x - 16 = 0. What is the highest common divisor of b and 22?
11
Suppose -3*b + 4*b - 11 = 0. What is the highest common divisor of 44 and b?
11
Suppose -100 = -0*o - 5*o. Let m be (o/1)/(4/14). Calculate the greatest common divisor of m and 14.
14
Let r = -202 + 342. What is the highest common divisor of 7 and r?
7
Suppose 4*u - u + 12 = 0. Let a be (-2)/((-6)/(-3)) - u. Let h(f) = 2*f**2 - 3*f - 1. Let t be h(a). Calculate the greatest common divisor of t and 72.
8
Let i = -118 + 271. Calculate the greatest common factor of i and 17.
17
Suppose -1 - 17 = -3*c. Suppose 202 = 3*n - 4*z, 3*z = 2*n - 2*z - 137. What is the highest common factor of n and c?
6
Suppose -3*z - 2 + 8 = 0. Suppose 0*g + z*g - 210 = 0. Let j be (2*1)/((-8)/(-60)). What is the highest common factor of j and g?
15
Suppose -d = 2 + 1. Let b be (-40)/d + (-5)/15. What is the highest common divisor of b and 26?
13
Suppose t + t - 20 = 0. Let p be 6/9 - 80/(-6). Suppose -n - k + 2 = 0, 4 = 5*k + p. Calculate the highest common factor of n and t.
2
Let f = 8 + -5. Suppose -4 = -d, -f*p + d = p - 40. Suppose 3*r - 117 = 147. What is the greatest common factor of p and r?
11
Let t(d) = d + 34. Let m be t(-16). What is the highest common divisor of 6 and m?
6
Suppose -2*d + z + 170 = 3*d, -5*d + 190 = -5*z. Suppose -d = 3*q + 18. Let t = -6 - q. Calculate the greatest common factor of t and 11.
11
Let c = 11 + -7. Let s be 27/c + (-3)/(-12). Suppose -s = w - 35. Calculate the highest common divisor of 14 and w.
14
Let m be 194 + (-13 - -10)*(-4)/3. Calculate the greatest common divisor of m and 22.
22
Suppose 172 = 3*y - 47. Let c = y - 36. Let q = c + 1. Calculate the highest common factor of q and 57.
19
Suppose -12 = -4*k + 2*k. Let t(u) = u - 1. Let f(z) = 3. Let a(j) = -f(j) + 2*t(j). Let d be a(k). Calculate the greatest common factor of 56 and d.
7
Let b(w) = -3*w**3 - w**2 - w - 1. Let t be b(-1). Suppose -s + t*s - 24 = 0. Let k = 41 - 33. Calculate the highest common divisor of s and k.
8
Suppose 0 = -10*r + 11*r - 14. Calculate the greatest common factor of 98 and r.
14
Suppose 2*z - 15 = 7. Let x(b) = -b**3 + 11*b**2 - 14. Let m be x(z). Let g be (-4)/m + 220/14. What is the highest common divisor of 16 and g?
16
Suppose 5*r + 0*r - 50 = 0. What is the highest common divisor of r and 30?
10
Suppose -x = -1 - 2, -18 = 2*c - 4*x. Let a be c*(37 + -4)/(-1). What is the highest common factor of 9 and a?
9
Suppose -4*f + 11 = 3*d, 2 = -f - 3*d - 2. Calculate the greatest common divisor of 35 and f.
5
Let a(z) = -z**2 + 7*z + 2. Let n be a(3). Let r(j) = 2*j**2 - 2. Let f be r(-8). What is the highest common factor of n and f?
14
Let n = 4 + -6. Let r(i) = 10*i**2 - i + 2. Let v be r(n). Suppose -2*m + 64 + v = 0. Calculate the greatest common divisor of m and 18.
18
Let p(f) = 3*f + 7. Let c be p(6). Let l = c + -13. Suppose 0 = -3*v - n + 400, 365 + 159 = 4*v - n. Calculate the highest common factor of v and l.
12
Suppose 8 = 3*q + q. Let o = q - 0. Suppose -5*v - 8 = -4*g, 2*v - v = 4*g - 8. Calculate the highest common divisor of o and g.
2
Let t be 1/(-3) + -2 + 410/15. What is the highest common divisor of t and 25?
25
Suppose i - 2 = 2*a + 2, 3*a = 5*i - 20. Let s(t) = -i*t**2 + 4 + 0 + 5*t**2 - 2*t**2 + 6*t. Let d be s(5). What is the highest common factor of d and 9?
9
Suppose -2*a - 15 = -7, 3*c + 4*a = -19. Let t be c - 8/(-2 + -2). Calculate the highest common divisor of 5 and t.
1
Suppose -2*o = -0*x + 3*x + 29, -3*o - 12 = 0. Let b be (-1 - 31)*(x + 6). Let i be 1*-1 - (2 + -83). What is the great